5344 + -19805. What are the prime factors of b?
3, 8513
Suppose 0 = 3*y + 3*z + 12, -8*z + 7*z - 4 = -y. Suppose -5*w + i + 596 = 0, -8*i + 4*i - 4 = y. List the prime factors of w.
7, 17
Let q(u) = 3*u**3 + 10*u**2 + 17. Let h(f) = -f**2 - 1. Let c(s) = -4*h(s) - q(s). List the prime factors of c(-5).
2, 53
Let p = -3297 + 6317. List the prime factors of p.
2, 5, 151
Let a = -50 + 109. Let o = -56 + a. Suppose o*x - 151 = -4*d, 2*d + 2*x - 113 = -d. What are the prime factors of d?
37
Let x(a) = -5*a - 36. Suppose 0 = 41*n - 48*n - 119. What are the prime factors of x(n)?
7
Let o = 96 + -72. Let l be 15/4 - (-6)/o. What are the prime factors of 2/(-5 + l) + (0 - -119)?
3, 13
Let c = -1525 + 5282. Let l = c - 2613. List the prime factors of l.
2, 11, 13
Let g = -4177 - -6384. What are the prime factors of g?
2207
Let u(a) = 2*a**3 + 17*a**2 + 6*a + 2. Let m be u(-8). List the prime factors of (m/8)/(-12*7/(-28000)).
2, 3, 5
Let o(s) = s**3 - 11*s**2 - 11*s - 9. Let l be o(12). Suppose -l*w + 8 = -4. Suppose -1 + 11 = -2*c, m - w*c = 74. What are the prime factors of m?
2, 3
Let z(p) be the third derivative of p**5/60 + 3*p**4/4 + 23*p**3/6 - 28*p**2. What are the prime factors of z(-17)?
2, 3
Suppose 0 = 2*n - 4*b + 3*b - 8, 5*n = 4*b + 14. Suppose h - 4*i = -n - 9, -4*h = 2*i + 6. List the prime factors of h + -1*690/(-6).
2, 7
Let b(v) = 694*v**2 + 14*v - 1. What are the prime factors of b(4)?
11159
Suppose -11666 = 5*d - 34546. List the prime factors of d.
2, 11, 13
Let r(h) = 255*h**2 + 60*h - 189. What are the prime factors of r(3)?
2, 3, 127
Suppose -5*g + 24384 = 3*x, 125*g + 2*x - 19506 = 121*g. What are the prime factors of g?
3, 5, 13
Let s = 11219 - 4369. List the prime factors of s.
2, 5, 137
Suppose 0 = -367*a + 352*a + 89115. What are the prime factors of a?
13, 457
What are the prime factors of (-284)/(-1136) + 228959/4?
2, 3, 5, 53
Suppose 0 = 17*l - 145081 - 122992. List the prime factors of l.
13, 1213
Suppose 0 = d - 3*v - 20, 2*v + 6 = -0*v. Let h be -1 + 0 + (d - -746). Suppose 23*k - h = 19*k. List the prime factors of k.
3, 7
Suppose -3*x - 3*z = -4*z - 4322, -x + 1438 = z. Let g = x - 868. List the prime factors of g.
2, 11, 13
Let m be (21/(-18) - 2/4)*-3. Suppose 0*h - 7356 = -m*h - 3*o, 2*h - 3*o = 2955. What are the prime factors of h?
3, 491
Let t = -301 + 649. Suppose s - 440 - t = 3*z, 4*s = 5*z + 3166. List the prime factors of s.
2, 397
Let b be (16/(-6))/(-2)*3. Suppose -38*y - 90 = -24*y + 120. What are the prime factors of (b + 72/y)*-220?
2, 11
Let o = -116 - -81. What are the prime factors of (o/(-14))/((-8)/(-1264))?
5, 79
Let c(x) = 21*x**2 + 24*x + 187. What are the prime factors of c(-8)?
13, 103
Suppose 4*c - 178 = -3*w - 2*w, 2*c - 5*w - 74 = 0. Let o = c + -239. List the prime factors of (-2)/((-2 + (-2 - -6))/o).
197
Suppose 4*g - 2*b + 5*b = 128, 5*g = 2*b + 137. List the prime factors of (g/(-87))/((-2)/1908).
2, 3, 53
Let s(n) = -118*n + 32. Let b be s(-13). Let z = b - 1105. Suppose a = 5*o + 103, -4*o = 5*a - 2*o - z. List the prime factors of a.
3, 31
Let p(b) = 39*b - 1103. What are the prime factors of p(50)?
7, 11
Let p(o) = -9*o**2 + 5*o - 6. Let n be p(4). Let y be ((-28)/70)/(1/n). Suppose 5*x - 7*z = -2*z + 65, 4*x - y = 2*z. List the prime factors of x.
13
What are the prime factors of 395902/(-13)*(-2)/(1/((-2)/(-8)))?
15227
Suppose 4*f + 2*k - k = 9286, 5*f - 4*k - 11618 = 0. List the prime factors of f.
2, 3, 43
Suppose -27*g + 487678 = -106835. What are the prime factors of g?
97, 227
Suppose 4*m - 1625 = -5*w + 1163, -4*m - w + 2804 = 0. What are the prime factors of m?
2, 3, 13
Let u = 3277 + -2686. What are the prime factors of u?
3, 197
Let r = 15 - 243. Let f = r + 526. List the prime factors of f.
2, 149
Let g be (-5)/70*-7*(-5)/(-5)*-8. Let x(k) = 12*k**2 + 2*k + 1. Let p(t) = -35*t**2 - 6*t - 2. Let u(v) = -4*p(v) - 11*x(v). What are the prime factors of u(g)?
3, 13
Let u(d) = 6*d**3 + 10*d**2 + 17*d + 14. Let y be u(-7). Let l = -1033 - y. List the prime factors of l.
2, 5
Let g(k) = 251*k**2 + 4*k - 122. What are the prime factors of g(-7)?
12149
Suppose -1913180 = 1626*t - 1711*t. What are the prime factors of t?
2, 17, 331
Suppose 7*q = 23*q - 8*q - 35104. List the prime factors of q.
2, 1097
Suppose -24 = -103*v + 99*v. Suppose 15 = v*h - 147. What are the prime factors of h?
3
Suppose 5*g + 33 = 8*g. Suppose t - 5*r + g = 3*t, -4*t + 4*r = -8. Suppose -2 + 9 = 2*n + m, -3*n - t*m = -3. What are the prime factors of n?
2, 3
Let v(n) = 2187 - 1096 - 1098 - 7*n. Let p = -52 - -37. What are the prime factors of v(p)?
2, 7
Let l(n) = 9*n**3 - 14*n**2 - 8*n + 25. Let v(h) = h**2 + 10*h - 20. Let g be v(-12). What are the prime factors of l(g)?
3, 5, 23
Suppose -4*o + 2*m = -116242, 0 = 5*o + 11*m - 10*m - 145285. What are the prime factors of o?
2, 3, 29, 167
Let p(k) = 364*k**2 - 55*k + 8. What are the prime factors of p(-3)?
3449
Let o = 1009 - 997. List the prime factors of (168/35)/(o/2310).
2, 3, 7, 11
Let p(z) = -3*z - 37*z - 37*z + 4*z + 8*z + 111. List the prime factors of p(-8).
631
Let i(w) be the first derivative of w**2/2 - 8*w + 13. Let k be i(3). Let f(s) = 5*s**2 + 7*s - 5. List the prime factors of f(k).
5, 17
Let h(f) = -369*f**3 + 6*f**2 + 21*f + 86. List the prime factors of h(-6).
2, 5, 1997
Let j = 92711 + -63923. What are the prime factors of j?
2, 3, 2399
List the prime factors of (60300/(-24))/(1/(-2)).
3, 5, 67
Suppose 0 = 54*c - 53*c - 85. Suppose -475 = -5*r - 0*r. Let v = r - c. What are the prime factors of v?
2, 5
Let w = -1260 + -1199. Let n = -1333 - w. What are the prime factors of n?
2, 563
Let s = 7089 - -4103. What are the prime factors of s?
2, 1399
Let s = -3312 + 4982. What are the prime factors of s?
2, 5, 167
Let f = -21 + 27. Let i(p) = 4*p**2 - 5*p + p**2 - f*p**2 + 4*p**2. List the prime factors of i(-4).
2, 17
Suppose -6*o - 4 + 22 = 0. Suppose 0 = -o*q - 54 + 162. List the prime factors of (-27 + -1)*-1*q/14.
2, 3
Suppose -a + 15980 = 4*m, -2*a - 3*m + m + 31948 = 0. List the prime factors of a.
2, 3, 11
Suppose 0 = -2*m - 2*f + 10030, m = 4*m + 4*f - 15043. List the prime factors of m.
29, 173
Let l(o) = 26*o**3 + 22*o**2 - 60*o + 78. Let v be l(24). List the prime factors of (-3)/(-5) - v/(-210).
2, 883
Let j be -17 + 12/2 + 6. List the prime factors of (-2299)/j - 30/(-150).
2, 5, 23
Let b(h) = 3*h**2 - 8 - 8*h - h - 5*h - 2*h + 41. List the prime factors of b(22).
11, 103
Let u(b) = 8*b**3 + 3*b**2 + 4*b - 6. Let z be u(4). Suppose 3*a - 297 = z. Suppose 3*o - 4*r = a, -o - 5*r = -66 - 24. What are the prime factors of o?
5, 19
Suppose 0 = d - 101 - 73. Let z = -15 - 77. Let n = d + z. What are the prime factors of n?
2, 41
Suppose 0 = -3*h - 4*j - 2310, 4*j + 508 = -4*h - 2568. Let i = h - -1669. List the prime factors of i.
3, 7, 43
Let g be (5972*28/64)/((-2)/(-8)). Suppose -g = -30*n + 17419. List the prime factors of n.
929
Let n(q) = -q**3 + q**2. Let x(t) = 5*t**3 - 2*t**2 + 17*t + 8. Let d(o) = -6*n(o) - x(o). Let k be d(-7). Let i = k - -625. List the prime factors of i.
197
Let y = 16820 + -8743. List the prime factors of y.
41, 197
Suppose -16*w = -8*w + 8154 - 49594. What are the prime factors of w?
2, 5, 7, 37
Suppose 4*i - 4*j = 48 + 92, 0 = 4*j - 8. List the prime factors of (i/2)/((-3)/(-6)).
37
Suppose -2 + 4 = -2*k. Let f be 114/(-95)*(-4 + k). What are the prime factors of ((-18)/27)/(-1*f/99)?
11
Suppose 5*m - 78989 = -3*w - 3044, -3*m + 2*w = -45567. What are the prime factors of m?
3, 61, 83
Let i be 14/4*12/21. Suppose -4*q + 4*f + 20 = 0, -i*q + 0*f - 2 = 2*f. List the prime factors of q + -2 + (-385)/(-5) + 3.
2, 5
Suppose 115*v = 99*v - 160. Let l(f) = -5 + 14 + 11*f + f**3 + 11*f**2 + 3. List the prime factors of l(v).
2
Let a(s) = 144053*s - 48 - 72028*s - 72030*s. Suppose 20 = -p - 0*p. List the prime factors of a(p).
2, 13
Let x(p) = -134*p**2 + 10*p + 12. Suppose -3*f = -3*m, 17 = 3*m + 2. Let a be x(f). List the prime factors of a/(-30) + 4/10.
2, 5, 11
Let m(r) = 517*r - 5357. What are the prime factors of m(59)?
2, 3, 11, 127
Let v(n) = -3*n**2 + 9*n - 6. Let u be v(2). Suppose 5*i - 766 - 1069 = u. What are the prime factors of i?
367
Suppose 128*p - 125*p - 50946 = -5*g, -5*p + 10198